-t**2 + 8*t + 37. Let m be l(13). Let r(w) = -2*w**2 - 54*w + 58. What is r(m)?
2
Suppose 5*y = 4*h - 2*h + 22, -6 = -y + 2*h. Suppose y*i - 10 = 10. Let a(o) be the second derivative of -o**3/6 + o**2 + o + 74. Calculate a(i).
-3
Let i(a) be the third derivative of 0*a + 1/6*a**4 + 0 - 1/120*a**6 - 1/20*a**5 + 2*a**2 - 1/3*a**3. Suppose -2 + 22 = -5*m. Calculate i(m).
-2
Let j(s) be the first derivative of 2*s**2 - 38*s - 421. Determine j(9).
-2
Let k(x) be the third derivative of -x**6/120 - x**5/5 - 7*x**4/12 - 13*x**3/3 + 37*x**2. Let y be k(-11). Let s(o) = o**3 - 7*o**2 - o + 4. Determine s(y).
-3
Let o(w) be the first derivative of -2*w**3 - 5*w**2/2 - 2*w + 6. Let d(g) = g**2 + g. Let q(x) = 5*d(x) + o(x). Calculate q(-4).
-18
Let l(p) be the third derivative of p**6/24 - p**5/30 - p**4/6 - p**3/6 - 3*p**2 + 10*p. What is l(-1)?
-4
Let u(c) = -2*c + 1. Suppose 42*s = 47*s - 15. Suppose 2*n + 14 = -2*k, 5*k = k + s*n. Calculate u(k).
7
Suppose 11*z - 9*z = 4*a - 12, a = -5*z - 8. Let h(d) = -2*d - 2*d + d + 1. What is h(z)?
7
Suppose -57*i + 22 = -46*i. Suppose 5*k - 8 - 2 = 0. Let f(o) = -3 + 4 - 3*o**3 + 4*o**3 - o**k. Give f(i).
5
Let k(z) = -z**3 - 4*z**2 + 10*z + 4. Let y(r) = -r. Let c(v) = -k(v) - 4*y(v). Suppose 4*u - 12 = -4*p - 20, 4*u = 3*p - 29. Determine c(u).
1
Let m(k) = -k**2 + k + 1. Let l(g) = g**2 - 4*g - 5. Let s(p) = l(p) + 2*m(p). Calculate s(4).
-27
Let l(k) = 115*k**2 - 1 + 110*k**2 - k**3 - 219*k**2. Determine l(6).
-1
Let n(s) = 1 - 4 - 2 - 3 - s**3 - 2*s**2 + 2*s + 6. Suppose -6 = -3*k - c, -4 = -2*k + c - 0*c. Calculate n(k).
-14
Let i be 6/(-5) + (-20)/(-100). Let o(g) = -g**2 - 1. Let v(j) be the second derivative of 2*j**4 + 10*j**2 - 2*j. Let y(t) = -40*o(t) - 2*v(t). Give y(i).
-8
Let n(z) = -z**2 - 8*z + 1. Let h be n(-7). Let r(s) = 6*s**2 + 4*s**2 + 5 - 4 + 3*s**3 - 2*s - h*s**2. Suppose -9*o + 8*o = -1. Give r(o).
4
Let b(s) = -3 - 9*s - 5*s - 5*s + 9*s. What is b(3)?
-33
Let l(g) = -5*g**3 + 12*g**2 - 2*g - 6. Let z(p) = -6*p**3 + 14*p**2 - 2*p - 7. Let c(r) = 7*l(r) - 6*z(r). Determine c(-2).
-4
Let g(w) = -w**2 - 2*w + 1. Suppose -17 = 3*f + 5*m - 0, -f = m + 5. Let y be (f/(-8) + -1)*4. Determine g(y).
1
Let d(g) = 5*g**2 + 6*g + 5. Let f(a) = 9 + 8*a**2 + 9*a + 3*a + a**2. Let x(t) = 7*d(t) - 4*f(t). Determine x(-7).
-8
Let z(i) = i. Suppose -13*l - 2*l - 60 = 0. Determine z(l).
-4
Let q(l) = -l**2 + l + 2. Suppose -5 - 7 = -4*b - w, 6 = 2*b - w. Calculate q(b).
-4
Let g(v) be the first derivative of 4*v**2 + 13*v - 8. Let s(j) = 4*j + 7. Let k(t) = 6*g(t) - 11*s(t). Determine k(2).
9
Let n be (-153)/(-6) - (20/8 + -1). Let w(r) = -2*r + 9 + 18 - n. Give w(-8).
19
Let i(h) be the third derivative of h**6/120 - h**5/10 + 5*h**4/24 - h**2. Suppose 2*a + 3*a - 25 = 0. Suppose -4*o + 25 = -a*s, -s - 26 = o - 6*o. Give i(o).
0
Let v(k) = -18*k**3 - k**2 - 2*k - 2. Let q be v(-1). Suppose -6*i + 7*i + 4*y = -q, -21 = 5*i + 4*y. Let p(u) = -4*u**2. Calculate p(i).
-4
Let d be (-1)/((-4)/50*55/(-44)). Let z(u) = 2*u + 11. Determine z(d).
-9
Let a(v) = -3*v**2 + 5*v + 5. Let m(d) = -4*d**2 + 6*d + 6. Let u be 1 - (-2 + 2 - 3). Let p(f) = u*m(f) - 5*a(f). Suppose 0 = 7*k - 12*k. Determine p(k).
-1
Let n(r) = 13*r - 3. Let w(p) = -29*p + 6. Let m(s) = 9*n(s) + 4*w(s). Give m(-3).
-6
Suppose -8*h + 5*h = -39. Suppose -m = -7 + h. Let s(j) = -j + 3. Calculate s(m).
9
Let y(z) = -z + 1. Let a(d) = -d**3 + 5*d**2 - 2*d - 2. Let i(c) = -a(c) + 4*y(c). Let o(x) = 10*x**2 - 4*x**2 + 0 + 2 - 3. Let w be o(-1). Give i(w).
-4
Let n be 8/(-2) - 1*-4. Suppose -s - 4*k - 2 = 0, n*s + k = s + 7. Let b(g) = -3*g - 8. What is b(s)?
10
Let t(f) be the first derivative of 1/2*f**2 - 1/4*f**4 + 1 + f**3 + 2*f. Suppose 0 = w - 5*w + 12. Determine t(w).
5
Let s(i) = -1 - 1 + i**2 + 7*i + 3*i - i. Calculate s(-9).
-2
Let g(d) = 2*d. Let z be (-9 + 9)/(1 + 0). Suppose 0 = y - z*i + 3*i - 4, 4*i - 12 = 0. Give g(y).
-10
Let w be (-19)/38*(0 + 0). Let s(u) = u**2 + u + 4. Determine s(w).
4
Let l = 21 + -17. Let v = 7 - l. Let b(u) = 1 + 0 + 1 - 2*u - v. Determine b(5).
-11
Let a(k) = 5 + 4*k**2 - 84*k - 3 - 3 + 86*k - k**3 - 4. Let x = 12 + -8. Give a(x).
3
Let n(t) = -t + 15. Let i be n(10). Suppose -7 = 2*z + i. Let v(j) = 2*j**2 - j + 18. Let p(u) = 5*u**2 - 4*u + 50. Let w(r) = 3*p(r) - 8*v(r). Give w(z).
-6
Let m(y) = -4 - 50*y + 0 + 106*y - 58*y. Determine m(3).
-10
Let d(q) = 2*q**2 - 6*q + 10. Let s be d(7). Suppose -14 = 4*v - s. Let j(w) = 3*w**2 - w**3 - 6*w**2 + 3*w**2 + w - v. Determine j(0).
-13
Let k(b) be the second derivative of -b**8/6720 + b**7/315 - b**6/90 - 7*b**5/120 - 2*b**4/3 + 22*b. Let s(m) be the third derivative of k(m). Determine s(7).
-14
Let n = -8 + 3. Let z(q) = -6*q - 22. Let h(c) = 6*c + 19. Let k(b) = 5*h(b) + 4*z(b). What is k(n)?
-23
Suppose 3*c - 3*c = 5*c. Let w(n) be the second derivative of -n + c + 2*n**2 + 1/12*n**4 - 7/6*n**3. Calculate w(5).
-6
Let q(j) be the first derivative of -j**3/3 + 4*j**2 + 6*j - 458. Let m(b) = -b + 6. Let h be m(6). Suppose 5*t + 16 = 2*z, h*t + 32 = 4*z - t. Calculate q(z).
6
Let x(u) = 31*u**2 - 26*u. Let j(s) = 11*s**2 - 9*s. Let w(f) = 17*j(f) - 6*x(f). Suppose 4*y + y - 10 = 0. Suppose 0 = v + 5 - y. What is w(v)?
0
Let z(j) be the first derivative of 5*j**2/2 - 2*j + 2. Suppose -17 = -4*l - 3*p, 3*l - 6 = -p + 3. Determine z(l).
8
Let u(c) = -1 - 358*c + 8 - 362*c - 361*c + 1082*c. What is u(-4)?
3
Let a(u) = -u**3 + 6*u**2 + 10*u + 6. Suppose 4*x + o = 34, -5*x + 34 = 16*o - 19*o. Determine a(x).
-42
Let a(p) = p**2 - 4 + 0*p**2 + 1 - p + 1 + p**3. Calculate a(0).
-2
Suppose -53 = -8*d - 13. Let y(a) = 6*a - 37. Let j be y(d). Let f(c) = -c**2 - 4*c + 3. Give f(j).
-18
Let x(z) be the second derivative of 0 + 9*z + 1/12*z**4 - 5/6*z**3 + 3*z**2. Let q = -5 + 10. Calculate x(q).
6
Let s(j) = -j**3 + 5*j**2 - 6*j + 4. Suppose 4*o - 406 = 2*z, 4*z = -4*o + 104 + 284. Let y = o + -96. Determine s(y).
-4
Let h(g) = -g - 5. Let l be h(-10). Let a(k) = l*k - 2*k + 1 + 2 + 3. Calculate a(-6).
-12
Let t(l) = -2*l + 7. Let m(f) = 5*f**2 - 11*f - 11. Let c be m(-1). Calculate t(c).
-3
Let u(h) = h**3 - 22*h**2 + 20*h + 19. Suppose -8*t - 97 = -5*y - 6*t, -3*y - 5*t = -83. Determine u(y).
-2
Let s(b) = -b**2 - 7*b + 12. Suppose -5*z - 4*w = 47, 2*z + 2*w = -0*z - 20. Let q be s(z). Let x(j) = q + j - 11 + j**2 - 2*j. What is x(1)?
1
Let m(c) = -c**3 - 12*c**2 - 11*c + 15. Let o be (-15)/6 - (-7)/((-84)/102). Give m(o).
15
Let b(m) = -m - 1. Let x(g) = -12. Let p(h) = -h + 22. Let q be p(19). Let n(k) = q*b(k) - x(k). Calculate n(6).
-9
Let n(s) be the second derivative of 0 + 9*s + 3*s**2 - 1/6*s**3. Give n(4).
2
Let h(k) be the third derivative of k**4/12 + 4*k**3/3 + 230*k**2. What is h(11)?
30
Let p(w) = -16*w + 1. Let h be 112/196 + 9/21. Calculate p(h).
-15
Let f(d) = 11*d**3 - 14*d**2 + 11*d - 39. Let x(l) = -8*l**3 + 9*l**2 - 8*l + 26. Let j(o) = 5*f(o) + 7*x(o). Give j(-7).
-6
Let n(f) = -f**3 + 4*f**2 + 2*f + 4. Suppose -4*v - 2*h = 284, v - 1 = -h - 74. Let j be v/(-12) + (-1)/(4/3). Calculate n(j).
-11
Suppose -298 = -5*b - 288. Let x(j) = -2*j**2 - 14*j - 4*j**2 + 17*j + 0*j**2. Determine x(b).
-18
Let j(i) = i**3 - i**2 + i. Let o be (-3)/(-2) - (-12)/(-8). Suppose o = 5*n - 14 + 9. What is j(n)?
1
Let b(j) = 0*j**2 + 31*j + 2 - j**2 - 29*j + 0. Give b(4).
-6
Let b(y) be the second derivative of -4*y**3/3 - 11*y**2/2 - 325*y. Determine b(-11).
77
Let m(o) be the first derivative of o**2/2 - 6*o + 2. Let i be m(-4). Let b(j) = 2*j + 13. What is b(i)?
-7
Let k(r) be the second derivative of 1/2*r**2 + 0 + 3*r - 2/3*r**3 - 1/12*r**4. What is k(-6)?
-11
Let v(s) = 18 + 17 - 52 - s**2 + 16. Give v(0).
-1
Suppose -5*v = -3*v - 10. Suppose k - 2 + v = 0. Let n(b) = b + 1. Give n(k).
-2
Let k(q) be the third derivative of -q**5/60 - 5*q**4/24 + q**3/6 + 4*q**2 + 5*q. Let j = 6 + -10. Give k(j).
5
Let y(s) = -3*s**3 - s + 4*s**3 - 2*s**3 + 2*s**3 + 3*s**2. Suppose 9*b - 2*d = 5*b - 4, -3*b = d + 8. Determine y(b).
6
Let l be (0 + -3 - -5) + 0. Let o be -3 - -1*(-3 - -6). Suppose -w - x - 8 = 0, o*w + 2*w - l*x = -8. Let j(n) = -n**2 - 4*n - 1. Give j(w).
-13
Let h(y) = -y**3 - y**2 - 17. Let k be 0/((-10)/65 + (-28)/(-13)). Give h(k).
-17
Let f(b) = 4*b 